+ 5*j, 3*z - 2*j = 15. What is the units digit of z?
5
Let u be 10/(-4)*(-18)/(-15). Let i = 4 - u. What is the units digit of i?
7
Let k(v) = v**3 + 15*v**2 + 13*v - 10. Let d be k(-14). What is the tens digit of 1 + (37 - (d + -2))?
3
Let k = 30 - 44. Let b be -1*(k + 0) - 1. Suppose -3 = 2*a - b. What is the units digit of a?
5
Suppose 0 = -5*s + 174 - 29. What is the units digit of s?
9
Let x = 1 - -1. Let o be (-2)/5 + x/5. Suppose 0 = -o*t + 2*t - 2. What is the units digit of t?
1
Let h = -117 + 317. Suppose -5*g + h = -0*g. What is the tens digit of g?
4
Let y(z) = 3*z - 16. Let c be y(7). Suppose -43 = -c*f - 3. What is the units digit of f?
8
Suppose -2*p - 50 = 5*i, -5*p = -5*i - p - 50. What is the units digit of (1 + -3)/(i/45)?
9
Let q = -10 - -86. What is the tens digit of q?
7
Suppose 7*f - 10*f = -147. What is the tens digit of f?
4
Let q be 1/3 + (-14)/6. Let t(i) = i**2 - 1. Let c be t(q). Suppose -c*k = -4*k + 4*g, 0 = -5*k + 3*g + 34. What is the units digit of k?
8
What is the units digit of 2/(-1) + 8 + 1?
7
Let j = 6 - 7. Suppose -n = -4*f + 12, 3*n - f + 4*f - 24 = 0. Let p = n + j. What is the units digit of p?
3
Let i = 106 - 62. What is the tens digit of i?
4
Let b be (12/(-2))/(1/(-1)). Let u = -8 + b. What is the units digit of 10/6 + u/(-6)?
2
Suppose 12*g - 13*g = -136. What is the hundreds digit of g?
1
What is the units digit of (32/(-12) + 3)*246?
2
Suppose -i = 7 + 5. Let n = 17 + i. What is the units digit of n?
5
Let g be 0/((-2 - 0)/(-1)). Suppose 2*q = -g*q + 10. Suppose -6*b + 5*a = -b, q*b + 2*a = 21. What is the units digit of b?
3
Let t(c) = 24 - 26 - 2*c + 0*c + 7*c**2. What is the units digit of t(2)?
2
Let w be 8*((-25)/(-4) - 3). Suppose -d + 5*j + w = 0, -4*j + 54 = 4*d + j. What is the units digit of d?
6
Let x(s) = -s**3 + 10*s**2 + 9*s. Let i be x(7). Suppose -i = -2*h - 4*h. What is the tens digit of h?
3
Suppose -17 = -5*t - 2, -4*w = 3*t + 63. What is the tens digit of 28*(3 - w/(-8))?
2
Suppose y = 2*y. Suppose -3 + y = w. What is the units digit of (3/2)/(w/(-8))?
4
Let n(x) = -x + 8. Let k = -4 + 0. Let y(u) = u**2 + 4*u + 5. Let j be y(k). What is the units digit of n(j)?
3
Let c(a) = a**3 + 2*a**2 - 2*a - 1. Let w(d) = d**2 + 4*d + 1. Let t be w(-3). Let s be c(t). What is the units digit of 0/(-3) + s/1?
3
Let l(v) = -3*v + 15 + 0*v + 0*v + 2*v. Let y(b) = -b**3 + 7*b**2 + 2*b - 3. Let d be y(7). What is the units digit of l(d)?
4
What is the tens digit of (-53)/(-2) - (-3)/6?
2
Let k(z) = -6*z**3 - 4*z**2 - 7*z. What is the tens digit of k(-2)?
4
Suppose 20 = 5*x - 0. What is the units digit of (4 - x) + (35 - 0)?
5
Suppose -2*j - 5 = -3*x, 5*j - 6 - 24 = -x. Suppose w + 1 = j*h, 2*h - 4 = -2*w + 6*h. What is the units digit of w?
4
Let c(g) = g + 5. Let l be c(8). Suppose l = a + 2*z, 3*a - 19 = z - 2*z. Suppose -35 = -a*s + 15. What is the tens digit of s?
1
Let r = 332 + -195. What is the tens digit of r?
3
Let v be ((-4)/3 + 0)*3. Let u(p) = -p - 2. Let m be u(-8). What is the units digit of (m/8)/((-1)/v)?
3
Let d be 2/6 + (-222)/(-9). Suppose -3*h + d + 14 = 0. Let z = h + -5. What is the units digit of z?
8
Suppose 23 = -3*b + 5*q, 0 = b - 5*b - 5*q - 19. What is the units digit of 2/b - 228/(-9)?
5
Suppose -l + 3*h = 9, 5*l - 3*h + 51 = -42. Let x = 39 + l. What is the tens digit of x?
1
Let c(a) = 9 - 6*a**2 - 3*a**3 + 14*a + 2*a**3 - 6*a. Let k be c(-7). Suppose k*o = 6 + 2. What is the units digit of o?
4
Let y(n) = -n**2 + 11*n + 5. Let f be y(11). Suppose -t + 15 = h, 3*h + 24 = -f*t + 93. What is the tens digit of t?
1
Let b(v) = -2*v**3 - 3*v**2 - v - 1. Let l be b(-2). Let k = 6 - 4. Suppose 0 = 2*s - 2*q, -s = k*s + 2*q - l. What is the units digit of s?
1
Let z be (-4)/6 - 100/(-15). Suppose 4*v - z*v = -68. Suppose -2*h + 0*h = -v. What is the tens digit of h?
1
Let w = 96 - -16. What is the hundreds digit of w?
1
Let z = -10 + 24. What is the units digit of z?
4
Let v be -5 - -3 - 1*-2. Suppose -5*g = -v*g + 2*d - 44, 0 = g + 2*d - 12. What is the units digit of g?
8
Let i be 4/(-20) + 32/10. Suppose 0 = -3*z - d + 69 - 23, -68 = -4*z - i*d. What is the tens digit of z?
1
Let v(g) be the second derivative of -g**4/12 + 11*g**3/6 + 2*g**2 + 6*g. What is the units digit of v(8)?
8
Suppose -3*y = 2*y + 15, -5*a = -4*y + 73. Let x = 24 + a. What is the units digit of x?
7
Let p be (-1)/((-3)/6) + -29. What is the units digit of p/(-6)*(-12)/(-9)?
6
Let z = -5 + 6. What is the tens digit of (z/2)/(2/44)?
1
Let g(d) = -2*d - 9. Let o be g(-6). Suppose 3*q + o = -5*u + q, 0 = -q - 4. What is the units digit of 1 + u + (-14)/(-2)?
9
Let v = 19 + -10. Suppose -4*i - v + 49 = 0. Suppose 3*t = 2*q - q - 5, -t - i = -2*q. What is the units digit of q?
5
Suppose -5*d = -42 - 3. What is the units digit of d?
9
Suppose 339 = 5*c - 296. What is the hundreds digit of c?
1
Let u(w) = -w**2 - 9*w - 8. Let i be u(-7). Let l be (-35)/15 + 2/i. Let q(s) = -s**3 - 2*s**2 - s. What is the units digit of q(l)?
2
What is the units digit of 32 + (-6)/(-2) + -1?
4
Let n(z) = -z**2 - 4*z + 1. Let q be n(-3). Suppose 0 = 2*v - v + 5*o + 31, q*o + 20 = 0. Let x = 12 + v. What is the units digit of x?
6
Suppose -3*d + 2*d + 10 = l, -d = -5*l - 10. Suppose 2*z + d = 3*a - 2*z, 2*z + 6 = a. What is the units digit of (8/(-2))/a*2?
4
Let i(h) = h**3 + 10*h**2 + 7*h - 2. Let v be i(-7). Suppose 5*z + v = 9*z. What is the units digit of z?
4
Let v(m) = 11*m**3 - m**2 - m + 1. Suppose -y + 1 = 0, 3*x - 3*y + 15 = -x. Let d be -3 - ((x - -1) + -2). What is the units digit of v(d)?
0
Let h(u) = -11*u - 3. What is the units digit of h(-6)?
3
Suppose -8*v + 156 = -12. Suppose v - 86 = -5*k. What is the units digit of k?
3
Suppose 5*m + 2*j = 165, -m - 3*j + 18 = -2. What is the tens digit of m?
3
Let m(g) be the third derivative of -g**4/24 + 2*g**3/3 - g**2. Suppose -14 = 4*p + 2*z, -3*p - z - 8 = -2*z. What is the units digit of m(p)?
7
Let h be -52 + (-3)/(9/6). Let d = 79 + h. What is the units digit of d?
5
Let k(c) = 3*c**2 - 2*c + 2. Let r be (3/(-9))/(1/(-18)). Let s be 10/6 - (-2)/r. What is the units digit of k(s)?
0
Let r = -11 + 25. Let d = r - 10. Suppose -n = -3*n + d. What is the units digit of n?
2
Let m(y) = 2 + y**2 - y - 4 - 2. What is the units digit of m(4)?
8
Let i(m) = -m**3 + 8*m**2 - 7*m - 1. Let g be i(7). Let v be (2 - 1/g) + 0. What is the units digit of (v - 2)/((-1)/(-6))?
6
Let i be (18/(-3))/((-1)/8). Let s = 67 - i. What is the units digit of s?
9
Let k(h) be the third derivative of h**5/10 + 2*h**2. Let a be k(1). What is the units digit of 5/((-15)/a) - -11?
9
What is the units digit of 16 + 7/(35/15)?
9
Let w(g) be the second derivative of g**4/12 - g**3/6 + g**2 - 3*g. What is the units digit of w(2)?
4
Let q = -3 + 7. What is the units digit of q?
4
What is the units digit of (24/10)/1*10/4?
6
Let o = 1 + -5. Let a = 4 + o. Suppose -4*f = r + 18, r - 5*f - 27 = -a. What is the units digit of r?
2
Let u(s) = 9*s - 2. What is the units digit of u(2)?
6
Let h(l) = 3*l**2 + 2*l - 21. What is the units digit of h(4)?
5
Let i(d) = 371*d. Let m = 0 + 1. Let x be i(m). What is the units digit of (-3)/(-4) - x/(-28)?
4
Suppose -c - 2 = c - 3*g, -3*c = 3*g - 12. Let d(p) = -2 - 2*p**3 - p**3 + 5*p**3 - 2*p**2. What is the units digit of d(c)?
6
What is the units digit of ((-12)/3)/((-15)/14 - -1)?
6
Let x = 12 - 17. Let c = x - -39. What is the tens digit of c?
3
Let d(j) = -j**3 + 3*j**2 + 3*j + 1. Let z(o) = -o**2 + 3 - 2 + 2*o**2 + 0 - o. Let a be z(2). What is the tens digit of d(a)?
1
Let o(t) = t**3 - 7*t**2 + 7*t + 13. What is the hundreds digit of o(9)?
2
Let p = -52 - -64. What is the units digit of p?
2
Suppose 2*m - 5 = x + 1, -3 = -m. Suppose -60 = -5*k - x*k. What is the units digit of k?
2
Suppose 25 = 5*h, h - 17 = -3*k - k. What is the units digit of k?
3
Let k = 3 + 12. What is the units digit of k?
5
Let n = 170 - 96. What is the units digit of n?
4
Let z = 37 - 10. What is the units digit of z?
7
Suppose 1315 = 5*h - 5*w + 10*w, 0 = -5*h + w + 1297. What is the units digit of h?
0
Let d be (-21)/(-6)*2 - 3. Suppose -d*v = 8, o + 5 = -v - 4*v. What is the units digit of o?
5
What is the tens digit of (130/(-40))/(2/(-16))?
2
Let m(f) be the first derivat